tor of 93 and 6341887.
31
Calculate the greatest common divisor of 241849900 and 6700.
6700
Calculate the greatest common factor of 1491 and 793262694.
1491
Calculate the highest common divisor of 4014459 and 6.
3
Calculate the highest common factor of 16823330 and 170.
10
Calculate the highest common divisor of 224 and 168964152.
56
What is the highest common divisor of 3526448 and 48?
16
What is the highest common factor of 54334 and 840?
14
What is the greatest common factor of 1900 and 47550350?
950
What is the greatest common factor of 500 and 849980?
20
What is the highest common factor of 61312134 and 39?
39
What is the greatest common factor of 6162311 and 86?
1
Calculate the greatest common factor of 35895050 and 15262.
1174
Calculate the greatest common factor of 6741761 and 26.
13
What is the highest common factor of 2279 and 496557?
53
What is the greatest common factor of 923 and 51337?
13
What is the greatest common factor of 376534670 and 4?
2
Calculate the greatest common divisor of 110 and 384054660.
110
What is the greatest common divisor of 33806739 and 6360?
159
Calculate the greatest common divisor of 7641884 and 44.
4
What is the greatest common divisor of 56168 and 8143?
17
Calculate the highest common factor of 138474 and 3037314.
294
What is the greatest common factor of 14 and 7361508?
14
Calculate the greatest common factor of 9491695 and 1190.
85
Calculate the greatest common factor of 47 and 358603373.
47
Calculate the greatest common factor of 129152 and 7368.
8
What is the highest common factor of 168597834 and 388?
194
Calculate the greatest common factor of 243 and 21144537.
27
What is the greatest common factor of 5592 and 13085979?
699
What is the greatest common divisor of 41035 and 5453410?
1415
Calculate the greatest common factor of 326135 and 513.
19
Calculate the highest common factor of 46050656 and 2012.
2012
Calculate the highest common divisor of 311136 and 3397408.
224
What is the highest common factor of 345944 and 3818?
166
What is the highest common divisor of 47594794 and 8450?
338
What is the highest common factor of 900 and 50148?
36
Calculate the greatest common factor of 295 and 23641595.
295
What is the highest common divisor of 10133966 and 93154?
1982
Calculate the highest common factor of 9069499 and 28291.
1489
What is the greatest common factor of 2600 and 297167?
13
What is the greatest common divisor of 51675 and 29892?
159
Calculate the greatest common factor of 216893 and 30527.
89
Calculate the highest common factor of 18061788 and 3540.
708
Calculate the greatest common factor of 129 and 136404127.
43
Calculate the highest common factor of 118634 and 17503.
23
What is the greatest common factor of 9 and 137254077?
9
Calculate the greatest common factor of 2274503 and 71544.
2981
What is the highest common factor of 256 and 18858368?
128
Calculate the greatest common divisor of 168084 and 917424.
828
Calculate the greatest common divisor of 12798940 and 140.
140
What is the highest common divisor of 94715 and 40?
5
Calculate the highest common factor of 1158396 and 4884.
444
Calculate the highest common factor of 21941 and 11951.
37
Calculate the greatest common factor of 4644 and 58152.
12
Calculate the highest common factor of 65347125 and 300.
75
Calculate the highest common factor of 203835 and 391620.
1605
Calculate the highest common factor of 1100902 and 3260.
326
Calculate the greatest common divisor of 38 and 183830833.
19
What is the highest common factor of 51286848 and 47112?
3624
Calculate the highest common factor of 37557 and 40494792.
4173
What is the greatest common factor of 112 and 77844032?
112
What is the greatest common factor of 190320 and 18564?
156
Calculate the greatest common divisor of 18920832 and 2688.
2688
Calculate the highest common divisor of 11563451 and 17.
17
Calculate the greatest common divisor of 20006266 and 52934.
2786
Calculate the highest common factor of 27239386 and 402.
134
Calculate the highest common factor of 296 and 44990853.
37
What is the highest common divisor of 28397847 and 713?
23
Calculate the highest common divisor of 10 and 8319365.
5
Calculate the greatest common divisor of 31 and 1527541.
1
Calculate the highest common divisor of 285 and 1126929.
3
Calculate the greatest common divisor of 467759 and 3397.
79
Calculate the greatest common factor of 160742 and 671966.
358
What is the greatest common divisor of 939087600 and 48?
48
Calculate the greatest common factor of 258 and 682092531.
129
Calculate the highest common factor of 2334 and 199853418.
2334
Calculate the highest common factor of 761 and 39495139.
761
Calculate the greatest common divisor of 72 and 1496547.
9
What is the greatest common factor of 54 and 261298?
2
Calculate the greatest common factor of 4279151 and 157783.
1901
Calculate the greatest common divisor of 223020 and 131068.
28
What is the greatest common factor of 1871899 and 19837?
83
What is the highest common factor of 179549676 and 36?
36
What is the highest common factor of 184 and 1790432?
8
What is the highest common factor of 119048 and 1796072?
5176
What is the highest common divisor of 47702945 and 1095?
365
Calculate the highest common divisor of 17168 and 12939336.
232
What is the greatest common factor of 19833695 and 105?
35
What is the greatest common divisor of 497882 and 2623?
61
What is the highest common divisor of 1828129 and 15317?
901
What is the greatest common factor of 211935 and 284?
71
What is the highest common divisor of 13630152 and 4848?
2424
What is the highest common divisor of 1632880 and 21680?
80
What is the highest common divisor of 4544098 and 78?
26
Calculate the greatest common factor of 8108699 and 1.
1
Calculate the greatest common factor of 4373934 and 2739.
249
Calculate the highest common divisor of 50440 and 142168.
104
What is the highest common factor of 3354 and 2184013?
559
What is the greatest common divisor of 24010549 and 2291?
79
What is the highest common divisor of 1 and 3350687?
1
Calculate the highest common factor of 1842 and 1471542.
6
Calculate the greatest common factor of 3938472 and 41496.
456
What is the greatest common factor of 30416778 and 23961?
3423
Calculate the greatest common factor of 1663524 and 173886.
438
What is the greatest common factor of 248 and 13391752?
248
Calculate the greatest common factor of 71140476 and 132.
132
Calculate the highest common factor of 2754 and 3432.
6
What is the highest common factor of 36 and 498486312?
36
Calculate the highest common factor of 4448 and 82.
2
Calculate the greatest common divisor of 2870556 and 17472.
156
What is the highest common divisor of 3190 and 42990035?
1595
Calculate the greatest common factor of 790320 and 143560.
1480
What is the highest common factor of 17760 and 378510?
1110
What is the highest common divisor of 130086 and 593251290?
11826
Calculate the greatest common factor of 1226524 and 346706.
458
What is the greatest common factor of 1040 and 9373?
13
Calculate the greatest common factor of 97840 and 170.
10
Calculate the highest common divisor of 636608 and 6440168.
2744
What is the highest common divisor of 9020 and 3506140?
220
Calculate the highest common factor of 315945 and 161840.
595
Calculate the greatest common factor of 829 and 29620999.
829
What is the greatest common factor of 1320 and 320728320?
1320
Calculate the highest common factor of 51 and 79064025.
51
Calculate the greatest common divisor of 1030 and 4792178.
206
Calculate the highest common divisor of 96 and 1707567.
3
Calculate the greatest common factor of 78 and 1316983278.
78
Calculate the highest common divisor of 1458 and 453942.
18
What is the highest common divisor of 2692970 and 22610?
1190
Calculate the highest common factor of 133280 and 9612480.
2720
Calculate the highest common divisor of 243 and 19327653.
81
What is the highest common divisor of 40445 and 4655?
5
Calculate the greatest common factor of 3085080108 and 1689.
1689
Calculate the highest common divisor of 538413426 and 1836.
918
Calculate the greatest common factor of 14520063 and 3.
3
What is the highest common divisor of 4760846 and 70?
2
Calculate the highest common factor of 16479 and 2264947.
1831